 -178. Is b composite?
False
Let z be (-48)/27 + 5 + 4/(-18). Let k(h) = -9*h - 3. Let m be k(-2). Suppose z*x = 384 + m. Is x a composite number?
True
Let z(u) = -2*u + 16. Let c be z(6). Suppose 5*j = b + 1353, -j + 19 = -c*b - 263. Let h = 692 - j. Is h a prime number?
False
Let w(n) = -1 - n + 0*n + 3. Let k be -2 - 7/1 - (-6 - -2). Is w(k) prime?
True
Suppose -5*h = -3*q + 10, -2*q + 12 - 4 = -4*h. Let m be (-1)/(-1) - (-2 + 1). Suppose -m*n = -q*n - 194. Is n a prime number?
True
Let h(q) = 5*q - 10. Let z be h(0). Let w be 1*699/2*-2. Is w/(-15) - 4/z a prime number?
True
Let f be 161/56 + (-2)/(-16). Suppose 0 = f*c + 1 - 13. Suppose -j + c*j - 363 = 0. Is j prime?
False
Suppose -2*p - 2*p + 5*d + 45 = 0, -3*d = 3*p. Suppose p*o + l - 2583 = 0, 531 = 3*o - l - 1022. Is o a composite number?
True
Suppose 3*n = -2*c + 318 + 255, 4*c - 5*n = 1179. Let f(q) = -9*q - 72. Let l be f(-9). Is -3*(2 - c/l) prime?
False
Let a = 26956 + -11445. Is a composite?
False
Let q(c) = 118*c**2 - 6*c - 10. Let h be q(6). Suppose 2*x + 3*j = h, -5*j - 2201 = -2*x + 2001. Is x composite?
True
Is (105/14)/15*5734 prime?
False
Suppose g + 7*o - 16 = 2*o, 5*g - 2*o = -28. Is (g + 3 + 0)*(-1 + -990) composite?
False
Let g = 5 + -8. Let v(d) = 87*d**2 + 5*d + 3. Is v(g) a prime number?
False
Let l = -16 + 22. Suppose -2*w + l*w = -f + 628, -5*w + 3*f = -785. Is w prime?
True
Let o(v) = -1. Let c(j) = 1. Let p(n) = c(n) + 2*o(n). Let h(t) = -7*t**2 + 4*t + 5. Let a(k) = -h(k) - 6*p(k). Is a(4) composite?
False
Let z be -12*(-1)/2*1. Let x be z/(0 + -2) + -67. Let i = x + 116. Is i a composite number?
True
Let j(g) = -27*g - g + 16 + 5*g**2 + 13*g. Let p be j(11). Suppose 5*t = 9 + p. Is t composite?
True
Let z(n) be the first derivative of -n**4/4 + 6*n**3 + 2*n**2 + 25*n - 11. Is z(18) a prime number?
True
Suppose -3*l = 5*w - 16 - 15, -5*l + 35 = 5*w. Suppose -8*b + 177 = -w*b. Is b prime?
True
Suppose -r + 6 = 2*r. Let c(z) = 386*z**2 + 4*z - 9. Is c(r) a composite number?
False
Let z(h) = h**3 - h + 3. Let s be z(0). Suppose -t + 10 = 3. Suppose 3*q = s, 0 = -v - 3*q + t*q + 253. Is v composite?
False
Suppose -6*a - 2 = -14. Suppose -5*c = -4*s + 2029, 5*s = -3*c + a*c + 2558. Is s prime?
False
Is (-2)/(-6)*(14 - -8803) a composite number?
False
Let s(d) = -d + 2. Let g be s(8). Let z(o) = -2*o**3 - 2*o**2 - 2*o - 1. Is z(g) composite?
True
Let m(z) = 1071*z**2 - 30*z + 291. Is m(6) composite?
True
Let l(z) = -93*z - 61. Is l(-10) a composite number?
True
Let g(f) = 6*f - 43. Is g(16) composite?
False
Let i = -29 + 24. Let s be -3515 + i + 2 + 4. Is (s/70)/(2/(-10)) composite?
False
Let n = 17 - 14. Let p(q) = 147*q + 2. Let f be p(n). Suppose 4*k = -0*k - 4*o + 364, 5*k = o + f. Is k prime?
True
Let d(y) = 880*y**2 + 2*y - 31. Is d(-8) a composite number?
True
Let p = 264 - -210. Suppose p = 2*t + 2*j - j, j - 235 = -t. Suppose -5*d = -716 - t. Is d prime?
True
Let x(t) = -2663*t - 165. Is x(-14) a composite number?
False
Is 2 + 1 - (16 - 96) composite?
False
Suppose 0 = -41*p + 2*p + 990249. Is p a prime number?
True
Let i(h) = 1049*h - 192. Is i(7) prime?
True
Let f = 0 - 1. Let x(y) be the third derivative of 19*y**5/6 - y**4/24 + 25*y**2. Is x(f) a composite number?
False
Suppose -4*g + 204 = 5*k - 34, 236 = 5*k + 3*g. Let t = k + 157. Is t a prime number?
False
Let u be (145 - -8)/(0 - -1). Suppose 2*v = -u + 1295. Is v a composite number?
False
Let j(z) = 3*z - 18. Let v be j(6). Suppose -4*s + 12*s - 4496 = v. Is s composite?
True
Let o be (0/(-2)*1)/2. Let h(c) = -c**2 + 3. Is h(o) a composite number?
False
Suppose -5*h + 3*d + 3253 = 0, 2*h + 3*d = 1111 + 207. Suppose 18308 = 3*z + v, 3*v = 4*z - h - 23762. Is z prime?
False
Let h(v) = -5700*v + 7. Is h(-7) a composite number?
True
Let p(o) be the first derivative of -2*o**2 + 5*o - 11. Is p(-21) composite?
False
Let t be 21/84 + (-5)/4. Let i(u) = 281*u**2 + 13*u. Let k(p) = -141*p**2 - 7*p. Let j(n) = 6*i(n) + 11*k(n). Is j(t) a prime number?
False
Let w(d) = d**2 + d + 102. Let x(l) = -l**2 + 6*l. Let g be x(6). Let q be w(g). Suppose -5*b + q = 7. Is b prime?
True
Suppose -a + 5 = 4*x, -2*x + 19 = -2*a - 1. Let b(q) = q**2 - 13*q + 1. Is b(a) prime?
False
Let x(o) = 3569*o**2 - 10*o + 11. Is x(2) a composite number?
True
Suppose 2*d - 24485 = 3733. Is d composite?
True
Is (-3)/((-37639)/9409 - 20/(-5)) prime?
False
Let d(l) = -l**2 + 8*l - 1. Let c be d(8). Let b(p) = 37*p - 4. Let u(w) = w + 1. Let n(s) = c*b(s) + 4*u(s). Is n(-6) composite?
True
Let o be 453*4/(12/15). Suppose 4*g + 701 = o. Is g a composite number?
True
Let o(b) = 56*b**2 - b + 2. Let y be o(1). Suppose 0 = 6*h - 27 - y. Is 21708/84 + 8/h a prime number?
False
Suppose -2*h - 17852 = 2*n - 82250, 0 = 5*n + 2*h - 161001. Is n composite?
True
Is 12835 + 9/3 - -3 prime?
True
Let x(n) = n + 2. Let o be (3 + -2)/((-2)/8). Let s be x(o). Is 226/(1 - 1 - s) a prime number?
True
Is 14/(-70) + (-13606)/(-5) prime?
False
Suppose 3*s - 35343 = -4*f, 3*s - 8*s + 5*f = -58940. Is s prime?
False
Let o = 796 + -297. Is o a composite number?
False
Suppose 93 = -4*d + 4*a + a, -5*d - 4*a - 106 = 0. Is (-4)/(-22) + (-1470)/d prime?
True
Let i(a) = 10*a**2 - 64*a - 27. Is i(11) a prime number?
True
Is (3/(-5))/(46098/(-6585) + 7) prime?
False
Suppose -5*s = -25, -10*u + 31 = -6*u + 3*s. Suppose -5*j + 9105 = -2*b, 0 = -u*j - b - 2*b + 7307. Is j a prime number?
True
Is ((-5)/(-20))/(3/(-4))*-3183 a composite number?
False
Let m = -20 - -31. Suppose 17 = -4*n - 3*s + 2*s, 4*n + 3*s + m = 0. Is (-269)/n*(5 + 0) a prime number?
True
Let w = -688 - -2399. Is w prime?
False
Suppose 4*a = -3*z + 746, 4*a + 3*z - 4*z = 754. Suppose 5*n + 5*g - 8 = 7, -4*n + 2 = -g. Is a*n - 1 - 0 a prime number?
False
Suppose -15 = 5*d - 2*d - 5*q, 5*q = -2*d + 15. Suppose 5*l = t + 9, -4*l + 3*t + 7 + 9 = d. Is l*(-2005)/15*-3 composite?
False
Suppose -2*w - 10 = -2, 5*w = -3*i + 70087. Is i a composite number?
False
Suppose -5*v = 5*r - 15210, 3*v - 2*r + 0*r - 9131 = 0. Is v a composite number?
True
Let s be (-1)/((-5)/67515*3). Suppose 5*n - 1344 - s = 0. Is n a composite number?
True
Let n be -1 + (-4 - -2) - (-5 + -1). Let u(s) = 2*s**3 - 2*s**2 - 2*s + 7. Is u(n) prime?
True
Suppose -2*l + 4*l = 0. Let z be 315/18*(-1944)/(-20). Suppose -2*x - 4*o = -3386, -x - 4*o = -l*x - z. Is x composite?
True
Let b be (0 + -1)*(6 - 40). Let i = 34 - b. Is (i - -1)*(522 - 1) composite?
False
Let v = 3 + -7. Is (-3427)/(-9) + v/(-18) a prime number?
False
Let n = 13876 - 9720. Suppose -2*o = -n + 1280. Suppose -3*a = 5*h - 1591, -3*h = -3*a - o + 493. Is h prime?
True
Let m = -143581 + 235622. Is m a composite number?
False
Let u be (-584)/56 - (-3)/7. Let k = u - -33. Is k composite?
False
Let u(d) = -d - 11. Let q be u(-11). Suppose -p + 5845 = 3*c, q*p + 2*p - 1945 = -c. Is c a composite number?
False
Suppose -24*a = -26*a + 1960. Suppose -3*w = -2*b + a, 4*w + 0*w = 2*b - 978. Is b a prime number?
False
Suppose 0 = -11*r - 44261 - 1433. Let s = -2869 - r. Is s prime?
False
Is 59301/45 + -6 + 288/40 a prime number?
True
Suppose 20 = 5*g + 2*u, -4*u = 5*g - 2 - 18. Suppose 3*x - g*c + 463 = 69, -4*x = 4*c + 516. Is x/(-1) + -2 - -1 prime?
False
Let r be 9920/7 + 9/(-63). Suppose -857 = -3*u + m, 5*u + 2*m = -2*m + r. Is 0 + 2 + u - 0 prime?
False
Suppose y - 5*f + 7 = -3*y, 3*y - 15 = -3*f. Suppose -y*t + 2277 = 579. Is t prime?
False
Suppose -4*i + 5*g - 20 = 0, -5*i + 0*g + 8 = 2*g. Suppose 0 = -i*k + 3*k + 3*z - 2508, 3*k - 2*z - 2523 = 0. Is k composite?
False
Suppose -4*p = 0, -46*w + p - 19263 = -49*w. Is w a prime number?
True
Is ((-77062)/5)/(-1) + (-6)/(-10) prime?
True
Suppose 3*r - b = -2*r + 1, 0 = -4*r - 2*b - 2. Suppose 2*v + 6*v - 30344 = r. Is v prime?
True
Let q(g) = -9*g**3 + 5*g**2 + 9. Is q(-8) a prime number?
True
Suppose l + 2*i = -10, 5*l + 2*i + 3 = -7. Is l - ((-211 - -3) + -3) a prime number?
True
Let v = 37 + -49. Is (-6)/v*(1 - -1261) a prime number?
True
Let p(s) = -s**2 - s + 2 - 2 + 2. Let t be p(-3). Is (53/t)/((-2)/8) composite?
False
Let y(t) = 26*t**2 + 17*t + 24. Let g be y(-12). Suppose 0 = -2*r + 8, -4*r = 4*s - 2*r - g. Is s a composite number?
True
Suppose 4*z - 9496 = 5*j, 2*j + 5700 = -j + 3*z. Let d = -995 - j. Is d composite?